hat is the units digit of m?
4
Let n(w) = -w**2 - w + 50. Let a be n(0). Suppose -a + 2 = -3*m. What is the tens digit of m?
1
Suppose 4*v = 3*v + 4, f = -4*v + 11. Let g(j) = -29*j + 14. What is the hundreds digit of g(f)?
1
Let f(s) = 41*s**2 - 12*s + 17. What is the thousands digit of f(6)?
1
Let n(q) = q**3 + 4*q**2 - 5*q + 7. Let v be n(4). Suppose -139 = -4*l - 2*g + v, g = 4*l - 239. What is the units digit of l?
1
Suppose 2*d - 41*p - 6929 = -36*p, -3*d + 10406 = -5*p. What is the hundreds digit of d?
4
Suppose -5820 = -28*m + 6752. What is the units digit of m?
9
Suppose 5*j - j - 12 = -2*p, 2*j - 6 = p. Suppose 4*f + 117 = r, -4*f + 15 = -j*r + 126. Let s = f + 32. What is the units digit of s?
2
Suppose 0 = 5*g - 2*l - 307, g + 2*g - 4*l - 187 = 0. Suppose -9 = 3*o, 2*o - g = 3*f - 16. Let b = 34 + f. What is the tens digit of b?
1
Let w(n) = -n + 6*n + 0 - 4*n - 2. What is the units digit of w(4)?
2
Let p(t) = t**2 - 8*t + 1. Let m be p(8). Let h(z) = 17*z**3 - z**2 + 2*z - 1. Let b be h(m). Let c = b + -6. What is the units digit of c?
1
Let p(q) = q**3 + 27*q**2 + 23*q - 43. What is the units digit of p(-26)?
5
Suppose 415*m + 61887 = 436*m. What is the thousands digit of m?
2
Let y be (-11 + 2)/(1/1). Let m = y - -46. What is the tens digit of m?
3
Suppose 4*n = -103 + 979. What is the hundreds digit of (18 - 15) + n/(-1 - -2)?
2
Suppose -18 = 4*d + 2*g, 3*g = -3*d + 4*g - 6. Let v = 11 - -4. Let l = v + d. What is the units digit of l?
2
Suppose -6*y + 3*y + 30 = 5*w, -4*w - 2*y = -22. Suppose -w*h = h + 44. Let r = 20 + h. What is the units digit of r?
9
Let i(c) = 43*c**2 - 25*c + 28. What is the thousands digit of i(6)?
1
What is the units digit of (32630/(-15))/((-2)/3)?
3
What is the units digit of (4 + -5)*1 + 204?
3
Suppose -5*h + 5*v - 5 = 0, -5*v + 15 = -5. Suppose 3*b - h*g - 252 = 0, 0*b - 3*b + 272 = g. What is the tens digit of b?
8
Let b(r) = r**2 + 2. Suppose 2 = -4*v - 18. Let k(c) = 2*c**2 + c + 5. Let m(g) = v*b(g) + 2*k(g). What is the units digit of m(1)?
1
Let g be 18/((-2)/1) + 1. Let l = -24 - 7. Let f = g - l. What is the tens digit of f?
2
Let a be ((-1)/(-3))/(2/60). Suppose 3*s - 2*s - 4 = -m, -m = -3. What is the units digit of a*s - (-4 + 6)?
8
Suppose 4*f - 20 = -m + 5*m, -2*f + 5*m + 25 = 0. Suppose f = 5*p + 25, 2*s = 7*s - 4*p - 545. What is the tens digit of s?
0
Let k(z) = 50*z**3 - 5*z + 11. What is the tens digit of k(3)?
4
Let a(m) = -2*m - 7. Let u be a(-12). Let n = -13 + u. Suppose -10 = 2*c, n*q - 134 = 3*c + 61. What is the tens digit of q?
4
Let r(g) = 13*g**2 + 9*g + 23. What is the hundreds digit of r(8)?
9
Let n be (-8)/(-60) + 8254/(-30). Let a = n - -409. What is the units digit of a?
4
Suppose -21*z - 3*z + 18720 = 0. Suppose 48 = 3*m - z. What is the hundreds digit of m?
2
Let b(g) = 5*g - 15. Let y be b(4). Suppose -r + 3*p = -102, -3*r = -y*r - 4*p + 224. What is the tens digit of r?
0
Suppose -838 = 4*i - 5190. What is the hundreds digit of i?
0
What is the thousands digit of 9941/3 + 0 - 32/(-96)?
3
Let i = 680 + -449. Suppose -z + 821 = -i. What is the units digit of z/14 - 15/105?
5
Suppose -5*t + 3120 = 5*j, 2*j + 3*t - 1344 = -101. What is the units digit of j?
9
Let s(l) = 2*l - 2. Let p be s(2). Let j = 6 - p. What is the units digit of (j/(-14))/(2/(-14))?
2
Let a(h) = -2*h + 9. Let k be a(4). Let c be -13 + (-1 - (-5)/k). What is the tens digit of c/4*(-60)/9?
1
Let s(i) = i**3 + 7*i**2 + 5*i + 1. Let n be 18/(-4)*(-12)/(-9). Let d be s(n). Suppose d = -0*c + c. What is the units digit of c?
7
Let k be (8/(-10))/(24/(-1980)). Let w = k + -40. Let v = w - 1. What is the units digit of v?
5
Suppose -5*q + 2*m = -212, 3*m + 87 = 2*q - 0*q. What is the units digit of 1569/18 - 7/q?
7
Let x(q) = -2*q - 20. Let j be x(-12). Suppose -5*f = -y - 866, -y - 186 = -f - j*y. What is the tens digit of f?
7
Suppose -2*j - w = -109 - 365, -4*j + w = -942. What is the tens digit of j?
3
Suppose 0 = -5*s - 3*a + 1334, -3*s - 4*a = -4*s + 253. Suppose w = -4*w + s. Suppose -2*b + 47 = -3*n, 3*b - n = -0*n + w. What is the units digit of b?
6
Suppose -4*x + 432 = 3*m, -m = -0*x - 2*x + 226. Let h = x + -101. What is the tens digit of h?
1
Suppose -f + 2 = 1. Let c be (-576)/(-6) + 4/f. Suppose -c = 5*x - 295. What is the units digit of x?
9
Suppose -4*c - 1674 = -5*y, 4*c = y + 7*c - 350. What is the units digit of y?
8
Let r(x) = -27*x**2 + 46*x**2 + 1 - 8*x**2. Let g(y) = -y**2 - 4*y - 2. Let v be g(-3). What is the tens digit of r(v)?
1
Let n(l) = -l**3 + 10*l**2 - 11*l + 9. Suppose 0 = -4*t + 5*f + 8, -2*t + 6*t = -f + 32. Let s be n(t). Let p = -45 + s. What is the tens digit of p?
3
Suppose -5*g = -166 - 1539. What is the units digit of g?
1
Suppose 4*x + 0*j + 410 = 2*j, 4*x - 4*j + 400 = 0. Let b be (8/5)/((-6)/x). Let p = 47 - b. What is the units digit of p?
9
Let o(i) = -i**3 + 2*i**2 + i + 96. What is the tens digit of o(-8)?
2
Let x = 2506 - 815. What is the tens digit of x?
9
Suppose 4*n - 4233 = -441. Suppose -l = 4*m - 0*m - n, l = 4. What is the tens digit of m?
3
Let v be (273/1)/((-24)/(-64)). Suppose -4 = -r, -4*q - 3*r - r + v = 0. What is the tens digit of q?
7
Suppose 0 = f - 4*a - 369, -5*f + 1776 = 7*a - 4*a. What is the units digit of f?
7
Let c = -29 + 31. What is the units digit of (-1 + c)*((3 - 2) + 29)?
0
What is the units digit of -35*(-10)/15*(-18)/(-20)?
1
Suppose -9 - 15 = -6*m. Suppose m*q - 715 = -199. What is the units digit of q?
9
Let k = -22 - 6. Suppose 0 = -7*w + 447 + 239. What is the units digit of k/w - 296/(-7)?
2
Let m = 14 + 197. Let t = -87 + m. What is the hundreds digit of t?
1
Suppose 8*u + 406 = u. What is the tens digit of 3 - (u/2 + 3)?
2
Let t = 9 + -2. Let s = 13 - t. Suppose 0 = 4*m - 5*w - 164, s*m - m - 5*w - 200 = 0. What is the tens digit of m?
3
Let u be 0 + (-7)/((-21)/12). Suppose 2*a = -0*a - 5*o + 42, 5*a = u*o + 138. Let k = a - 9. What is the units digit of k?
7
Let f = -638 - -1117. What is the hundreds digit of f?
4
What is the tens digit of 2*(-3497)/(-26) - (-5 - 0)?
7
Let q = 31 - 20. Suppose 0 = 12*p - q*p - 135. Suppose 2*k + p = 3*i + 14, 2*k + 4 = 0. What is the tens digit of i?
3
Let w(n) = -n**2 + 4*n + 9. Let b be w(5). Suppose -4*f + 96 = b*u, u + 2*f = -f + 34. What is the units digit of u?
9
Let k(x) = -x**3 + 19*x**2 + 20*x + 2. Let j be k(20). Suppose -l = -2*r - 2*r + 292, -2*l = -j*r + 146. What is the tens digit of r?
7
Let d = 1298 - 497. What is the hundreds digit of d?
8
Suppose 5*r + 2*o + 0*o - 3227 = 0, -4*r - o + 2584 = 0. What is the tens digit of r?
4
Suppose 5*t + 813 = 3*l, 3*l + 792 = 6*l + 2*t. What is the hundreds digit of l?
2
Let d = 1538 - -314. What is the hundreds digit of d?
8
Let n(v) = 2*v**2 + 5*v - 2. Suppose 8*c - 7*c = 3*l - 6, -l - 5*c = -2. Suppose -3*y - 2*o + l = -y, -2*o - 2 = 3*y. What is the tens digit of n(y)?
1
What is the units digit of (10673/91)/(3/21)?
1
Suppose 12*h - 514 + 82 = 0. Suppose 2*d + 4*r = 5*r + 119, r - 1 = 0. Let t = d - h. What is the units digit of t?
4
Suppose 0*l - 5*l + 41 = -2*r, -5*r - 65 = -5*l. What is the units digit of r/(-6)*12/8?
2
Suppose 2*c + 46 = 3*x, 0*x - 4*x - 5*c + 69 = 0. Suppose x = q - 0. What is the units digit of q?
6
Suppose 3*k = -5*g - 2*k + 30, 4*k = 5*g - 48. Suppose -b + g = 3*p, 2*p = 4 + 4. Let a = b + 8. What is the units digit of a?
4
Let a(g) = 5*g - 4. Let u be a(-4). Suppose -43*k + 800 + 920 = 0. What is the units digit of (-634)/(-10) - u/k?
4
Let o = 2612 - 930. What is the units digit of o?
2
Let j = 1876 - 399. What is the thousands digit of j?
1
Let u(x) = -4*x - 6. Let s be u(-6). Suppose 96 = o + s. What is the tens digit of o?
7
Suppose -2*s - a = 330, s - 5*a + 165 = -0*a. Let f be s/(-12) + 1/4. Let q(i) = -i**3 + 15*i**2 - 11*i + 7. What is the units digit of q(f)?
9
Let n = -7 + 9. Let y(r) = -3*r - 2*r + r**n + 8 + 0*r - 3*r. What is the tens digit of y(9)?
1
Let c = 31 + -23. Suppose 634 = c*h - 278. What is the hundreds digit of h?
1
What is the units digit of ((-2485)/28 + -4)*(-1 - 3)?
1
Suppose 0 = m - z - 838, z - 4077 = -4*m - 730. What is the tens digit of m?
3
Let u = 8 - 8. Suppose -w + 11 = s - 4*w, u = -s + 4*w + 11. What is the units digit of (-2)/s + 365/11?
3
Let c(i) = -